{"id":24,"date":"2021-03-14T19:57:47","date_gmt":"2021-03-14T19:57:47","guid":{"rendered":"https:\/\/praxisbrenzikofer.ch\/?page_id=24"},"modified":"2025-07-01T14:52:46","modified_gmt":"2025-07-01T14:52:46","slug":"konditionen","status":"publish","type":"page","link":"https:\/\/praxisbrenzikofer.ch\/?page_id=24","title":{"rendered":"Konditionen"},"content":{"rendered":"\n<h2 class=\"wp-block-heading\">Sitzungsdauer<\/h2>\n\n\n\n<p>Eine Sitzung dauert in der Regel 60 Minuten.<\/p>\n\n\n\n<h2 class=\"wp-block-heading\">Kosten<\/h2>\n\n\n\n<p>Der Tarif betr\u00e4gt 180 CHF pro 60 Minuten Sitzung.<\/p>\n\n\n\n<p><\/p>\n\n\n\n<h2 class=\"wp-block-heading\">Online Sitzungen<\/h2>\n\n\n\n<p>Wenn Sie schon Patient*in bei mir sind, k\u00f6nnen Gespr\u00e4che auf Wunsch auch via Videotelefonie oder Telefon durchgef\u00fchrt werden.<\/p>\n\n\n\n<p>Online- und Telefonsitzungen dauern in der Regel ebenfalls 60min. Die Kosten sind gleich wie bei Sitzungen vor Ort (180 CHF pro 60 Minuten Sitzung).<\/p>\n\n\n\n<h2 class=\"wp-block-heading\">Verbindlichkeit<\/h2>\n\n\n\n<p>Die Konsultationen sind verbindlich. Termine, die nicht eingehalten werden k\u00f6nnen, m\u00fcssen sp\u00e4testens 24 Stunden vorher verschoben oder abgesagt werden. Andernfalls wird der Termin verrechnet.<\/p>\n\n\n\n<h2 class=\"wp-block-heading\">Erstgespr\u00e4ch<\/h2>\n\n\n\n<p>Im Erstgespr\u00e4ch schauen wir zusammen Ihre Situation und Ihr Anliegen an. Dabei lernen wir uns gegenseitig kennen und Sie bekommen einen Eindruck von meiner Arbeitsweise. Von da aus k\u00f6nnen wir dann das weitere Vorgehen besprechen.<\/p>\n\n\n\n<h2 class=\"wp-block-heading\">Sitzungsfrequenz<\/h2>\n\n\n\n<p>Die Sitzungsfrequenz kann individuell gestaltet werden und wird regelm\u00e4ssig zusammen besprochen. In meiner Erfahrung hat sich gezeigt, dass es zu Beginn einer Therapie oft sinnvoll ist, w\u00f6chentliche Termine abzumachen. Es liegt aber jederzeit in Ihrer freien Entscheidung, wie oft und wie lange Sie kommen m\u00f6chten. Ich unterst\u00fctze Sie bei dieser Entscheidung beratend.<\/p>\n\n\n\n<h2 class=\"wp-block-heading\">Therapiedauer<\/h2>\n\n\n\n<p>Die Dauer einer Therapie ist sehr individuell, abh\u00e4ngig von der Ausgangssituation und der Zielsetzung. Die Ziele werden immer wieder zusammen angeschaut und k\u00f6nnen im Therapieverlauf Ihren Bed\u00fcrfnissen jederzeit angepasst werden.<\/p>\n\n\n\n<p>Wenn Sie die Therapie beenden m\u00f6chten, w\u00fcrdigen wir das gemeinsame Wegst\u00fcck in einem Abschlussgespr\u00e4ch.<\/p>\n\n\n\n<h2 class=\"wp-block-heading\">Abrechnungsm\u00f6glichkeiten<\/h2>\n\n\n\n<p>Einige Zusatzversicherungen \u00fcbernehmen einen Anteil der Psychotherapiesitzungen. Dieser Anteil ist je nach Versicherung und Vertrag verschieden. Zudem verlangen einige Zusatzversicherungen eine \u00dcberweisung durch einen Arzt \/ eine \u00c4rztin. Erkundigen Sie sich bitte am besten vor dem Erstgespr\u00e4ch direkt bei Ihrer Krankenkasse nach den f\u00fcr Sie geltenden Bedingungen.<\/p>\n\n\n\n<p>Ich rechne nicht \u00fcber die Grundversicherung ab. <\/p>\n\n\n\n<p><\/p>\n\n\n\n<p>Psychologische Beratung, Lehrtherapie und Supervision werden nicht von den Krankenkassen \u00fcbernommen.<\/p>\n\n\n\n<p>Ich akzeptiere auch <a href=\"https:\/\/leu.zuerich\/\">Leu<\/a> als Zahlungsmittel, die z\u00fcrcher Lokalw\u00e4hrung mit Gemeinschaftseinkommen.<\/p>\n\n\n\n<h2 class=\"wp-block-heading\">Vertraulichkeit<\/h2>\n\n\n\n<p>Als Psychotherapeutin bin ich den ethischen Richtlinien des Berufsverbandes FSP verpflichtet und unterstehe der Schweigepflicht. Alles, was in der Therapie und in der Beratung besprochen wird, ist vertraulich.<\/p>\n","protected":false},"excerpt":{"rendered":"<p>Sitzungsdauer Eine Sitzung dauert in der Regel 60 Minuten. Kosten Der Tarif betr\u00e4gt 180 CHF pro 60 Minuten Sitzung. Online Sitzungen Wenn Sie schon Patient*in bei mir sind, k\u00f6nnen Gespr\u00e4che auf Wunsch auch via Videotelefonie oder Telefon durchgef\u00fchrt werden. Online- und Telefonsitzungen dauern in der Regel ebenfalls 60min. Die Kosten sind gleich wie bei Sitzungen [&hellip;]<\/p>\n","protected":false},"author":1,"featured_media":0,"parent":0,"menu_order":0,"comment_status":"closed","ping_status":"closed","template":"","meta":{"footnotes":""},"class_list":["post-24","page","type-page","status-publish","hentry"],"_links":{"self":[{"href":"https:\/\/praxisbrenzikofer.ch\/index.php?rest_route=\/wp\/v2\/pages\/24","targetHints":{"allow":["GET"]}}],"collection":[{"href":"https:\/\/praxisbrenzikofer.ch\/index.php?rest_route=\/wp\/v2\/pages"}],"about":[{"href":"https:\/\/praxisbrenzikofer.ch\/index.php?rest_route=\/wp\/v2\/types\/page"}],"author":[{"embeddable":true,"href":"https:\/\/praxisbrenzikofer.ch\/index.php?rest_route=\/wp\/v2\/users\/1"}],"replies":[{"embeddable":true,"href":"https:\/\/praxisbrenzikofer.ch\/index.php?rest_route=%2Fwp%2Fv2%2Fcomments&post=24"}],"version-history":[{"count":9,"href":"https:\/\/praxisbrenzikofer.ch\/index.php?rest_route=\/wp\/v2\/pages\/24\/revisions"}],"predecessor-version":[{"id":156,"href":"https:\/\/praxisbrenzikofer.ch\/index.php?rest_route=\/wp\/v2\/pages\/24\/revisions\/156"}],"wp:attachment":[{"href":"https:\/\/praxisbrenzikofer.ch\/index.php?rest_route=%2Fwp%2Fv2%2Fmedia&parent=24"}],"curies":[{"name":"wp","href":"https:\/\/api.w.org\/{rel}","templated":true}]}}