{"id":18,"date":"2021-03-14T19:54:53","date_gmt":"2021-03-14T19:54:53","guid":{"rendered":"https:\/\/praxisbrenzikofer.ch\/?page_id=18"},"modified":"2024-11-04T09:03:40","modified_gmt":"2024-11-04T09:03:40","slug":"lehrtherapie","status":"publish","type":"page","link":"https:\/\/praxisbrenzikofer.ch\/?page_id=18","title":{"rendered":"Lehrtherapie und Supervision"},"content":{"rendered":"\n<p>Als anerkannte Lehrtherapeutin und Supervisorin vom Institut f\u00fcr Integrative Gestalttherapie W\u00fcrzburg (IGW) biete ich Lehrtherapie und Supervision f\u00fcr Ausbildungskandidat*innen an.<\/p>\n\n\n\n<p>Wenn Sie sich auf dem Weg zur Psychotherapeutin \/ zum Psychotherapeuten befinden, begleite ich Sie gerne durch diese Zeit. Sie k\u00f6nnen in der Lehrtherapie erfahren, wie sich Gestalttherapie am eigenen Leib anf\u00fchlt. Sie werden mehr \u00fcber sich selbst herausfinden, wie sie geworden sind und dar\u00fcber, wie Sie Beziehungen jetzt gestalten \u2013 zu sich selbst, zu anderen und zum Leben.<\/p>\n\n\n\n<p>In der Supervision schauen wir zusammen Ihre F\u00e4lle an und beleuchten Optionen im psychotherapeutischen Vorgehen im jeweiligen beruflichen Kontext sowie allf\u00e4llige Verstrickungen zur eigenen Geschichte.<\/p>\n\n\n\n<p>Es ist ein spannender Weg und manchmal auch nicht einfach. Mit Sicherheit kann ich sagen, dass der Gestaltansatz mein Leben bereichert und ich von dieser Therapierichtung \u00fcberzeugt bin. Die Wirksamkeit vom Hinschauen im Hier und Jetzt durfte ich nicht nur an mir selbst, sondern auch in der Patient*innenarbeit immer und immer wieder erleben.<\/p>\n\n\n\n<p><\/p>\n\n\n\n<p><\/p>\n\n\n\n<p>Konditionen auf Anfrage.<\/p>\n","protected":false},"excerpt":{"rendered":"<p>Als anerkannte Lehrtherapeutin und Supervisorin vom Institut f\u00fcr Integrative Gestalttherapie W\u00fcrzburg (IGW) biete ich Lehrtherapie und Supervision f\u00fcr Ausbildungskandidat*innen an. Wenn Sie sich auf dem Weg zur Psychotherapeutin \/ zum Psychotherapeuten befinden, begleite ich Sie gerne durch diese Zeit. Sie k\u00f6nnen in der Lehrtherapie erfahren, wie sich Gestalttherapie am eigenen Leib anf\u00fchlt. Sie werden mehr [&hellip;]<\/p>\n","protected":false},"author":1,"featured_media":0,"parent":0,"menu_order":0,"comment_status":"closed","ping_status":"closed","template":"","meta":{"footnotes":""},"class_list":["post-18","page","type-page","status-publish","hentry"],"_links":{"self":[{"href":"https:\/\/praxisbrenzikofer.ch\/index.php?rest_route=\/wp\/v2\/pages\/18","targetHints":{"allow":["GET"]}}],"collection":[{"href":"https:\/\/praxisbrenzikofer.ch\/index.php?rest_route=\/wp\/v2\/pages"}],"about":[{"href":"https:\/\/praxisbrenzikofer.ch\/index.php?rest_route=\/wp\/v2\/types\/page"}],"author":[{"embeddable":true,"href":"https:\/\/praxisbrenzikofer.ch\/index.php?rest_route=\/wp\/v2\/users\/1"}],"replies":[{"embeddable":true,"href":"https:\/\/praxisbrenzikofer.ch\/index.php?rest_route=%2Fwp%2Fv2%2Fcomments&post=18"}],"version-history":[{"count":7,"href":"https:\/\/praxisbrenzikofer.ch\/index.php?rest_route=\/wp\/v2\/pages\/18\/revisions"}],"predecessor-version":[{"id":142,"href":"https:\/\/praxisbrenzikofer.ch\/index.php?rest_route=\/wp\/v2\/pages\/18\/revisions\/142"}],"wp:attachment":[{"href":"https:\/\/praxisbrenzikofer.ch\/index.php?rest_route=%2Fwp%2Fv2%2Fmedia&parent=18"}],"curies":[{"name":"wp","href":"https:\/\/api.w.org\/{rel}","templated":true}]}}